6
Let l(u) = u - 8. Suppose 0 = 5*h + 3*x - 26, -2*x + 15 = -4*h + 7*h. Let n be (h + -2 - 2) + 2. What is l(n)?
-3
Let a(c) = 21*c + 55 - 101 + 42 + 2*c**2. Determine a(-13).
61
Let b be ((-16)/(-48))/(3*4/540). Let g(d) = -d**3 + 15*d**2 - 7. Give g(b).
-7
Let v(p) = 3*p + 3. Let c be (2 - 4)/(((-1)/(-25))/1). Let g = -12 - -59. Let u = c + g. Calculate v(u).
-6
Let s(n) be the second derivative of 7/2*n**2 - n - 1/2*n**3 + 2. What is s(6)?
-11
Let h = -4 + 4. Let z = 176 - 178. Let x = h - z. Let r(i) = -i**3 + 1. What is r(x)?
-7
Let u(h) = -h**2 + h + 1. Let d(b) = b**2 - 7*b - 44. Let i(f) = 6*f - 21. Let o be i(13). Let j be (-6)/4*(-418)/o. Let c be d(j). Give u(c).
1
Let a be 5/10 - 62/(-8)*2. Let d(m) = 3*m**2 + a*m**3 - 6*m**3 - 7*m**3. Let l = -21 - -19. Calculate d(l).
-12
Let i be 5*27/(-10)*64/(-96). Let w(l) = l + 11 - 26 + i. Suppose 5 = 4*u - 3*s, 6*u = 2*u + 4*s. Calculate w(u).
-1
Let t(r) = -r**2 - 11*r - 11. Let q(m) = -13*m + 17. Let b = 270 - 268. Let g be q(b). What is t(g)?
7
Let s(b) = -3*b - 15. Let a(z) = 2*z + 2. Let x(g) = 26*g - 68. Let o(p) = 2*a(p) + x(p). Let h be o(2). What is s(h)?
-3
Let t(i) = -6*i + 5*i**2 + 3 - 8*i**2 + 23*i**2. Let l(m) = 2 - 7*m**2 + 152198*m - 152196*m - 3. Let s(z) = -17*l(z) - 6*t(z). Calculate s(3).
-4
Let j(o) be the first derivative of -o**4/12 + 3*o**3/2 + 8*o**2 - 45*o + 36. Let c(x) be the first derivative of j(x). Determine c(11).
-6
Let t(k) = -7*k**2 + 11*k + 19. Let h = -543 + 542. Let o(z) = z**2 - z - 1. Let w(d) = h*t(d) - 6*o(d). What is w(7)?
1
Let u(c) be the second derivative of 1/20*c**5 - c - 1/2*c**3 - 3/4*c**4 + 1/2*c**2 + 44. What is u(9)?
-26
Let s be (132/(-42))/((-6)/21). Let p(r) = -5*r**2 + 53*r + 19. Determine p(s).
-3
Let n(p) = -4 + p + 3 - 2*p. Let z be 1540/(-350) + ((-6)/9)/((-5)/3). Calculate n(z).
3
Let x(y) be the third derivative of -11*y**2 - 1/24*y**4 - 2 + 0*y + 2/3*y**3. What is x(12)?
-8
Let r(y) = -y**2 - 5*y - 10. Let j(x) = 15*x + 134. Let a be j(-6). Suppose 12*p = 23*p + a. Give r(p).
-6
Let b(p) = 2*p**2 + 12*p - 1. Let m(s) = -4*s**2 - 16*s - 1. Let l(z) = -z**2 - z - 2. Let c(o) = -2*l(o) + m(o). Let x(d) = 3*b(d) + 2*c(d). What is x(-4)?
3
Let b(z) = 29072*z**3 - 29071*z**3 - 88*z + 123*z + 29*z**2 + 200. Determine b(-28).
4
Suppose -4*v + 3*v = 2*n - 11, 31 = 4*n + 5*v. Suppose -32*t = -29*t + 3. Let l be (-1 + t)/(n - 2). Let o(m) = 2*m**2 - m. Calculate o(l).
3
Let i be ((-2)/(-30))/(24/(-30))*(1 - 2). Let o(a) be the second derivative of -i*a**4 - 7*a + 0 - 3*a**2 + 4/3*a**3. Give o(6).
6
Let b(k) = k. Let m be b(8). Suppose 0 = -3*z + 4*l - m, -8*l - 44 = 3*z - 3*l. Let w(u) = -u**3 - 8*u**2 - 2*u - 9. What is w(z)?
7
Let l(h) = 15 - 24*h**2 - 8*h**2 - 7*h - 11 - 6*h**2 + 39*h**2. Let m be (2 + -1)/((-1)/(-8)). Calculate l(m).
12
Let b(g) be the first derivative of -g**2/2 - 2*g - 2. Let n be (-232)/(-38) + (-16)/152. Suppose -i = -3*k, -i + 0*k - n = 3*k. What is b(i)?
1
Suppose -74*s + 148*s = 75*s + 5. Let u(w) = 2*w**2 + 10*w + 3. What is u(s)?
3
Let w(x) = -5622 - 5*x - 6*x - 8*x + 5463 - 4*x. What is w(-7)?
2
Let s(z) = 30*z**3 + 3*z**2 - z + 5. Let u(h) = -127*h**3 - 11*h**2 + 4*h - 19. Let p(a) = 15*s(a) + 4*u(a). Give p(1).
-57
Let u = -285 - -279. Let t(w) be the third derivative of w**4/8 + 5*w**3/3 - 5*w**2. Calculate t(u).
-8
Suppose 3*k + 9 = 39. Let v(d) be the first derivative of -d**3/3 + 9*d**2/2 + 3*d + 2994. What is v(k)?
-7
Let f be (-8 - 3) + 144/18. Let l(u) = -5*u**2 - 2*u + 2. Calculate l(f).
-37
Let s(a) = -6*a + 4. Let c be s(2). Let l(m) = -5*m + 7*m - 5 + 21. What is l(c)?
0
Let q = 409 - 209. Suppose 6 = q*a - 194*a. Let n(f) = 10*f. Give n(a).
10
Let n(x) = -2*x + 1. Let u = 276 - 272. Suppose -u*v - 5*m = 0, -21*m = -23*m + 8. Determine n(v).
11
Let s(g) be the third derivative of -1/60*g**5 + 1/6*g**4 - 1/3*g**3 + 0 + 28*g + 2*g**2. Give s(4).
-2
Let q(a) be the first derivative of a**3/6 + 26*a + 27. Let n(g) be the first derivative of q(g). Suppose -3*t - 18 = 4*h, 0 = -2*h + 5*h - 5*t + 28. Give n(h).
-6
Let t(n) = -38*n + 5. Let j(u) = 58*u - 6. Let g(m) = 2*j(m) + 3*t(m). Let x = 13 - 7. Calculate g(x).
15
Let y(q) = 4*q**2 - 6*q + 12. Let t = -465 - -462. Let m(k) = -5*k**2 + 7*k - 16. Let z(x) = t*m(x) - 4*y(x). What is z(5)?
-10
Let z(q) = q**3 - 5*q - 5. Suppose -78*p + 9 = 1 - 226. What is z(p)?
7
Let y(k) = k**2 - 18*k + 19. Let w(l) = -l**2 + 34*l - 22. Let f be w(1). Determine y(f).
-58
Let k = 2 + 4. Let h(i) = -135*i**2 + 287*i**2 - 11 + 9*i - 153*i**2. Determine h(k).
7
Let x(g) = 0*g**3 - 9341 - g**3 + 9320 - 3*g**2. What is x(0)?
-21
Let k(w) = w**2 - 19*w - 330. Let j be 2/6 + (-80)/120*89/(-2). What is k(j)?
0
Let j(b) = 2*b**2. Let z(c) = -c**3 + 13*c**2 - 3*c - 4. Let y(h) = 4*j(h) - z(h). Suppose -2*v - 5*i + 20 = 0, -5*v + 5*i = 6*i - 27. Give y(v).
19
Let s(y) = 3*y**3 + 18*y**2 + 8*y - 25. Let x(j) = j**3 + j**2 + j + 5. Let a(c) = s(c) - 4*x(c). Determine a(14).
11
Let m(g) = -g**2 - 3*g - 1. Let u(j) = -5*j - 30. Let x be (1 - 0)*0 - 2. Let f(d) = d + 7. Let l(w) = x*u(w) - 9*f(w). Let i be l(-1). Give m(i).
-5
Let t(d) = -5*d**2 + 3. Suppose -5*u - 12 = -h + 2*h, -u = -h. Let c(z) = -z**2 - 4*z - 2. Let o be c(u). Calculate t(o).
-17
Let f(p) be the third derivative of -p**6/30 - 13*p**5/30 - 7*p**4/12 - 8*p**3/3 - 16*p**2. Let z be f(-6). Let s(j) = 3*j + 1 + 3*j + j**2 + 0. What is s(z)?
-7
Let d(t) = -6*t - 6550 + 3273 + 3251. Calculate d(8).
-74
Let h(k) be the third derivative of -1/3*k**3 - 1/24*k**4 - 7*k - 2*k**2 - 1/30*k**5 + 0. What is h(-2)?
-8
Let z(m) = -m**2 + m + 11. Let x be 1/(-1*(-3)/24). Suppose -x*i = -7*i. What is z(i)?
11
Let m(y) = -15*y**2 - 10*y. Suppose -25 = -71*g + 66*g. Let z(a) = 51*a**2 + 36*a. Let d(k) = g*z(k) + 18*m(k). Give d(-1).
-15
Let a(j) = -9*j**3 - 4*j**2 - 3*j + 13. Let o be a(3). Let g = -270 - o. Let d(p) = 0 - 4 - p**2 + 5*p + 0. Give d(g).
-4
Suppose h + 4*j + 5 - 11 = 0, 4*j - 4 = -2*h. Let p(a) be the first derivative of 11*a**2/2 + 7*a + 8. Give p(h).
-15
Let g(u) = u**3 + 25*u**2 + 24*u - 60. Let w be g(-21). Let k be (-2)/4*w/(-40). Let o(c) = c - 18. Calculate o(k).
-3
Let n(m) = m**3 + 32*m**2 - m - 23. Let x = -5910 + 5878. Calculate n(x).
9
Let v(j) = -2*j**2 + 2*j - 10. Let p(s) = -4*s**2 - s**2 - 21 + 242*s - 121*s - 119*s. Let r(u) = 3*p(u) - 7*v(u). Calculate r(-8).
7
Let a(s) = 973*s + 3. Let g(z) = 3893*z + 9. Let r(u) = 4*a(u) - g(u). Let d = 4 - 3. Let t be 0 - (-1 + d) - 5. Determine r(t).
8
Let o(l) = 1 - 16*l - 9*l + 40*l - l**2 - 19*l. Give o(-4).
1
Let r be 32/3 + (-22)/(-66). Let h(g) = -13*g**3 - 8*g**2 - 21*g + 2. Let b(o) = 7*o**3 + 5*o**2 + 11*o - 1. Let y(i) = r*b(i) + 6*h(i). Calculate y(6).
7
Let k(m) = 56 - 1372*m + 2722*m - 1355*m. Calculate k(11).
1
Suppose 4*v + 0 - 3 = x, v + 2 = 3*x. Let t(j) = 1. Let n(h) = h - 6. Let w(b) = n(b) + 6*t(b). Let g(a) = -2*a + 1. Let r(q) = x*g(q) + 4*w(q). Give r(-6).
-11
Suppose -8*b = -13*b + 10. Suppose 2*y - 4 - b = -2*l, 3*y + 5 = 4*l. Let u(q) = -2 - 3*q + q**2 + 0*q**2 - l - 7*q. Give u(9).
-13
Suppose -5*u = j - 208, -3*u - u + 160 = 4*j. Let k = u - 39. Let w(x) = -1 - 16*x**3 + x + 6*x**3 - 3*x**2 + 11*x**3 + 0*x. Determine w(k).
2
Suppose -3*k + 0*k + 6 = 0. Let p(u) = -45*u - 53*u + 153*u - 51*u + k. Determine p(-1).
-2
Let t(n) = -n**3 - 8*n**2 + n - 2. Let o be t(-8). Let x(m) be the second derivative of -m**4/12 - 3*m**3/2 + 5*m**2/2 + 172*m + 2. Determine x(o).
-5
Let m = 778 + -749. Let q(n) = -8 + m - n - 14 - 7. Let r(x) = x**3 + 6*x**2 - 7*x - 3. Let c be r(-7). Determine q(c).
3
Let l(v) be the first derivative of v**4/4 + 3*v**3 + 15*v**2/2 + 5*v - 465. Calculate l(-7).
-2
Let u be (-2)/4 - (-35)/(-10). Let t(m) be the second derivative of m**3/6 - 5*m**2/2 - 83*m. Let y(b) = -3*b + 11. Let g(i) = u*y(i) - 9*t(i). Calculate g(1).
4
Let t be 5/3 - 3/(-9). Let l be (4/((-320)/30))/((-1)/8). Let f(a) = 3*a**t + 12*a**3 + 2*a + 2 - 6 - 7*a**l - 4*a**3. Calculate f(-3).
-10
Let d be (21/(-14))/((-24)/16). Let n(v) = 6 - v**2 + 518*v - 527*v - d. Calculate n(-10).
-5
Let d(i) = 8*i + 1. Let c(h) = 80 - 40 - 29 - h. Suppose -5*p + 2*p + 36 = 0. Let q be c(p). Determine d(q).
-7
Let c(u) = -10*u + 16*u - 5949 + 5996. Determine c(-9).